greatest common divisor of 27 and w?
9
Suppose 0 = 2*r - 7 - 5. Suppose -4*m = -m + 12, -61 = -3*n + 4*m. Calculate the highest common factor of r and n.
3
Let l(q) = 27*q**2 + 4. Let c(b) = -b + 7. Let w be c(9). Let i be l(w). Calculate the greatest common factor of i and 14.
14
Suppose w = -2*w + 6. Suppose 2*p - 24 = -2*p. Let r be (-3 + 21/p)*28. Calculate the greatest common divisor of r and w.
2
Suppose -10 = -2*n + 4*l, -n + 1 + 5 = -3*l. Suppose 3*k - 101 + 9 = -4*t, n*t + 4*k = 62. What is the greatest common divisor of 78 and t?
26
Suppose -3*l = -3, -5*q + 32 = -2*l - l. What is the highest common factor of 7 and q?
7
Let b = 8 - 7. Let i = b + 1. Calculate the greatest common factor of 4 and i.
2
Let y be (-24)/(20/(-12) + 1). What is the greatest common divisor of 24 and y?
12
Suppose -2*h - 5 = -3*h. Suppose -3*l + 241 = h*t, 5*l - 395 = -t - 4*t. Let v be (21 - 18)/(6*(-1)/(-14)). Calculate the highest common divisor of l and v.
7
Let p(o) = -o**2 - o - 1. Let s(r) = 5*r**2 + 16*r - 9. Let n(h) = 6*p(h) + s(h). Let u be n(6). What is the highest common divisor of u and 6?
3
Suppose 24 = 5*z - 1. Calculate the greatest common divisor of z and 55.
5
Let z = 11 - 7. Let n(q) = -q**2 + 3*q + 1. Let y be n(2). Suppose 3*j = z*r - 2, r - y*j + 3 = -1. What is the highest common factor of 3 and r?
1
Let z(b) = -b + 8. Let y be z(0). Suppose 0 = -9*g - 4*g + 416. Calculate the greatest common factor of y and g.
8
Let w be 32*2/4*2. Suppose -3*f - 4*t = -w, 2*f + f - 27 = -3*t. What is the greatest common divisor of 32 and f?
4
Suppose -38 + 110 = 2*b. Suppose 11 = t + 2. What is the highest common factor of b and t?
9
Let h(v) = -2*v + 9. Let i be h(6). Suppose -3*d - 27 = 3. Let c = i - d. Calculate the greatest common divisor of 35 and c.
7
Suppose 0*f = -f + 48. What is the greatest common factor of f and 112?
16
Let a(u) = 21*u - 5. Let z be a(5). Let w(y) = -11*y - 4. Let t be w(-4). What is the highest common factor of z and t?
20
Let x = 203 - 75. Calculate the greatest common factor of x and 16.
16
Let d = -122 + 247. What is the highest common factor of 50 and d?
25
Let i = 21 + 0. What is the greatest common divisor of 3 and i?
3
Suppose 0 = 3*c + 2*s - 10, 9*c = 4*c + 4*s + 2. Calculate the greatest common factor of c and 5.
1
Suppose -4*o - 6 + 2 = 0, -i - 5*o = -4. Suppose -140 = 4*f - 356. What is the highest common divisor of f and i?
9
Let q(o) = -3*o**3 + 2*o**2 + o**3 + 3*o**3 - 4 - o. Let u = 2 + 1. Let c be q(u). What is the greatest common divisor of c and 95?
19
Suppose 3*n - 2*q - 13 = 6, 5*q = 5*n - 40. Calculate the highest common divisor of 3 and n.
3
Suppose y = -u + 21, -5*y = 3*u + 61 - 160. Suppose -36 = -2*q - d - 1, -3*q - 5*d + 63 = 0. Let p = q + -4. What is the highest common divisor of p and y?
6
Let d(a) = 3*a - 36. Let m be d(17). What is the highest common factor of m and 9?
3
Let x(i) = 3*i**2 - 6*i + 6. Let a be x(3). What is the highest common divisor of a and 15?
15
Let f = 62 + -107. Let i = -20 - f. Suppose 5*z - 40 = -5*x, 3*x - 2*z = z + 6. Calculate the greatest common divisor of i and x.
5
Let h be (4/(-3))/(12/(-702)). What is the highest common factor of 39 and h?
39
Let y be 3/(9/6) - 1. Let l(z) = z + 2. Let x be l(0). Suppose -x*q + 2 = -u + y, 2*q - 11 = -u. What is the highest common divisor of 10 and u?
5
Let j be 0 - (1 - 3)*25. Suppose -3*q - 50 = -5*s, 3*s + 3*q - 20 = s. Calculate the highest common factor of j and s.
10
Suppose 4*m + 0 = 16, 20 = 2*h + 4*m. Suppose -h*a - 72 = -4*a. What is the greatest common factor of a and 4?
4
Let s(t) = t**2 + t + 143. Suppose -4*f + 2*f = 0. Let i be s(f). Calculate the greatest common factor of 13 and i.
13
Suppose 5*v = -4*j + 92 + 1120, -5*j + 2*v + 1482 = 0. Suppose 78 = 5*l + j. Let i be (14 - 2)*l/(-8). What is the greatest common factor of i and 44?
22
Let o(u) = -7*u - 14. Let d be o(-7). Calculate the highest common factor of d and 5.
5
Let h be (6/(6/(-161)))/(-1). What is the greatest common divisor of 23 and h?
23
Suppose b + 3*z - 138 = 0, -2*b + 2*z + 3*z = -298. Calculate the greatest common divisor of b and 18.
18
Let c be 13/((-182)/120)*-7. Let k = 23 + -8. What is the highest common factor of k and c?
15
Let i = -3 - -9. Suppose -5*g + y = -20, 5*y - 23 = 3*g - 57. What is the greatest common divisor of i and g?
3
Let m = 11 - -2. Suppose 3*l = -2*g - l - 6, -2*g = -l + 16. Let a = g - -20. What is the highest common factor of a and m?
13
Suppose -o - 2*k = 7, -3*o - 3*k - 4 = 2. Suppose 2*n = -2*n + o*s + 55, -n + 3*s + 16 = 0. Calculate the highest common factor of n and 143.
13
Let u(p) = -24*p - 18. Let h be u(-7). What is the highest common divisor of h and 30?
30
Let s(c) be the third derivative of c**4/4 - c**2. Let z be s(7). Suppose 4*w = 5*h - 3 + 125, -3*h - 6 = 0. Calculate the highest common factor of w and z.
14
Suppose 3*x = 6*x - 15. Suppose 40 = -x*t + 600. Calculate the highest common factor of t and 16.
16
Suppose -s - 10 = -2*w + 8, 3*s = -5*w + 56. Let u(i) = 2*i - 6. Let l be u(w). Suppose 42 + 42 = 3*g. What is the greatest common factor of g and l?
14
Let g(k) be the second derivative of 0 + 11/6*k**3 + 1/20*k**5 - 3/4*k**4 - 6*k**2 - 4*k. Let s be g(8). What is the greatest common factor of 48 and s?
12
Suppose y + y - 248 = 5*o, o = -4. Suppose 2*k - 556 = -2*n - 3*n, -k = -n + y. What is the highest common factor of 28 and n?
28
Suppose -14*g + 12*g = -48. What is the highest common divisor of 120 and g?
24
Let j(b) be the second derivative of -b**5/20 - b**4/12 - b**3/3 - 2*b. Let y be j(-2). Calculate the highest common factor of 24 and y.
8
Let t be -1*(-6 - 1) - (0 + 1). Calculate the highest common divisor of 18 and t.
6
Let c = -30 - -48. Let z = -8 + c. Let l(p) = -p**2 + 16*p + 6. Let m be l(8). Calculate the highest common divisor of z and m.
10
Let q be (18*1)/(-5 - -7). Let p = -6 + q. Calculate the greatest common divisor of p and 9.
3
Let g be (-1)/2*6 - -6. Let q = -1 + g. Let u be ((-99)/12)/(q/(-8)). Calculate the greatest common factor of u and 3.
3
Let v = 19 + 3. Suppose -p = -2*x + 5*x + 2, 0 = 2*x - 4*p - v. Calculate the greatest common divisor of x and 5.
1
Let m be (192/112)/(4/42). Let x = -24 - -42. Calculate the greatest common factor of m and x.
18
Let i be 3/24 - 282/(-48). Suppose -2*n = 3*c + n - 48, n = 3*c - 32. What is the greatest common factor of c and i?
6
Suppose 2*b = -3*b + 20. Suppose -b*d - 2*j = -10, 5 = -0*d + d - 2*j. Let f = 47 - 26. Calculate the greatest common factor of f and d.
3
Suppose -2*c - 4*z + 46 = 0, 2*z - 67 = -2*c - 17. What is the greatest common factor of c and 9?
9
Let o(p) be the third derivative of p**5/30 + p**4/6 + 5*p**2. Let d be o(-3). What is the greatest common divisor of d and 12?
6
Let v = 22 + 6. Suppose 148 = 5*k + 4*f, -4*f = -5*k - 5*f + 142. What is the highest common divisor of k and v?
28
Let o = -65 - -30. Let r = o + 49. Let p(b) = 2*b**2 - 10*b + 10. Let q be p(4). Calculate the highest common factor of r and q.
2
Let g be 42/30 - 4/10. What is the highest common factor of 9 and g?
1
Let j(a) = a**3 - 2*a**2 - 4*a - 1. Let o(c) = c**2 - 5*c + 4. Let m be o(5). Let p be j(m). What is the highest common factor of 15 and p?
15
Let y be 2/3*24/16. Let v = y + 5. Calculate the highest common factor of 15 and v.
3
Let a(b) = -2*b - 2. Let j be a(6). Let u be j/4*(-28)/7. Calculate the greatest common factor of u and 126.
14
Let s(o) = -o**2 + 4*o - 1. Let g be s(2). Suppose -2*b + 33 = b + g*m, m + 1 = b. Calculate the greatest common divisor of b and 30.
6
Let s be (-2)/8 + 3/(-4). Let m be 2 - 3/(2 - s). Suppose 1 = -c + 2*c + 4*p, 0 = c - p - m. What is the highest common factor of c and 1?
1
Let m(g) = -2*g + 1. Let f be m(3). Let d = 6 + f. Calculate the highest common divisor of d and 4.
1
Let s = 4 - -4. Suppose -s = 5*i - i. Let l be 2*i/4 - -6. Calculate the greatest common divisor of 55 and l.
5
Let d = 14 + -9. Let n = 18 + 2. Suppose -d*r = i - 33, -4*r + 0*r = 4*i - n. Calculate the highest common divisor of 7 and r.
7
Suppose 0 = 3*p - 0*p - 9. Suppose -3 = p*w - 27. Calculate the greatest common factor of 32 and w.
8
Suppose -3*s + 6*s - 11 = 4*h, -3*s + 20 = 5*h. What is the greatest common fa